{"id":8,"date":"2016-05-04T04:02:31","date_gmt":"2016-05-04T04:02:31","guid":{"rendered":"http:\/\/www.doctorpradenas.cl\/?page_id=8"},"modified":"2019-11-21T18:10:31","modified_gmt":"2019-11-21T18:10:31","slug":"curriculum","status":"publish","type":"page","link":"http:\/\/www.doctorpradenas.cl\/?page_id=8","title":{"rendered":"Curriculum"},"content":{"rendered":"<p>Dr. Marcelo Pradenas Cano obtuvo su t\u00edtulo de M\u00e9dico Cirujano en la Universidad de Chile en 1995<\/p>\n<h4 class=\"titletext\">Especializaci\u00f3n<\/h4>\n<ul>\n<li>Especialidad Otorrinolaringolog\u00eda, Universidad de Chile, 2004<\/li>\n<li>Certificaci\u00f3n CONACEM N\u00famero 9841, 2004.<\/li>\n<li>Diplomado en rejuvenecimiento facial<\/li>\n<\/ul>\n<h4 class=\"titletext\">Afiliaciones<\/h4>\n<ul>\n<li>Miembro de la Sociedad Chilena de Otorrinolaringolog\u00eda, Medicina y Cirug\u00eda de cabeza y cuello.<\/li>\n<li>Miembro del Colegio M\u00e9dico de Chile ICM. 19 746-7<\/li>\n<li>Miembro de Sociedad Chilena de Rinolog\u00eda y Cirug\u00eda Pl\u00e1stica Facial<\/li>\n<li>Miembro de la Academia Americana de Otorrinolaringolog\u00eda cirug\u00eda de cabeza y cuello<\/li>\n<\/ul>\n<h4 class=\"titletext\">Certificaciones<\/h4>\n<ul>\n<li>Registro Nacional de Prestadores de Salud de la Superintendencia de Salud N\u00famero 35981.<\/li>\n<\/ul>\n<p>&nbsp;<\/p>\n","protected":false},"excerpt":{"rendered":"<p>Dr. Marcelo Pradenas Cano obtuvo su t\u00edtulo de M\u00e9dico Cirujano en la Universidad de Chile en 1995 Especializaci\u00f3n Especialidad Otorrinolaringolog\u00eda, Universidad de Chile, 2004 Certificaci\u00f3n CONACEM N\u00famero 9841, 2004. Diplomado en rejuvenecimiento facial Afiliaciones Miembro de la Sociedad Chilena de Otorrinolaringolog\u00eda, Medicina y Cirug\u00eda de cabeza y cuello. Miembro del\u2026<\/p>\n<p> <a class=\"continue-reading-link\" href=\"http:\/\/www.doctorpradenas.cl\/?page_id=8\"><span>Continue reading<\/span><i class=\"crycon-right-dir\"><\/i><\/a> <\/p>\n","protected":false},"author":1,"featured_media":0,"parent":0,"menu_order":0,"comment_status":"closed","ping_status":"closed","template":"","meta":[],"_links":{"self":[{"href":"http:\/\/www.doctorpradenas.cl\/index.php?rest_route=\/wp\/v2\/pages\/8"}],"collection":[{"href":"http:\/\/www.doctorpradenas.cl\/index.php?rest_route=\/wp\/v2\/pages"}],"about":[{"href":"http:\/\/www.doctorpradenas.cl\/index.php?rest_route=\/wp\/v2\/types\/page"}],"author":[{"embeddable":true,"href":"http:\/\/www.doctorpradenas.cl\/index.php?rest_route=\/wp\/v2\/users\/1"}],"replies":[{"embeddable":true,"href":"http:\/\/www.doctorpradenas.cl\/index.php?rest_route=%2Fwp%2Fv2%2Fcomments&post=8"}],"version-history":[{"count":9,"href":"http:\/\/www.doctorpradenas.cl\/index.php?rest_route=\/wp\/v2\/pages\/8\/revisions"}],"predecessor-version":[{"id":103,"href":"http:\/\/www.doctorpradenas.cl\/index.php?rest_route=\/wp\/v2\/pages\/8\/revisions\/103"}],"wp:attachment":[{"href":"http:\/\/www.doctorpradenas.cl\/index.php?rest_route=%2Fwp%2Fv2%2Fmedia&parent=8"}],"curies":[{"name":"wp","href":"https:\/\/api.w.org\/{rel}","templated":true}]}}